{"id":112,"date":"2021-11-20T14:52:14","date_gmt":"2021-11-20T14:52:14","guid":{"rendered":"https:\/\/antoniverlag.de\/?page_id=112"},"modified":"2023-04-20T15:51:41","modified_gmt":"2023-04-20T15:51:41","slug":"welcome","status":"publish","type":"page","link":"https:\/\/antoniverlag.de\/","title":{"rendered":"Antoni Verlag"},"content":{"rendered":"\n<h2 class=\"wp-block-heading\">Der Familienverlag f\u00fcr Klavierp\u00e4dagogik<\/h2>\n\n\n\n<p>Der Antoni Verlag mit Schwerpunkt Klavierp\u00e4dagogik bietet Kompositionen und Bearbeitungen von Diplom-Klavierp\u00e4dagoge Frank Seifert f\u00fcr Klavier zu zwei bis zehn H\u00e4nden, leichte Fassungen beliebter Klassiker, Einzelausgaben mit Tipps zum \u00dcben und vieles mehr.<\/p>\n\n\n\n<p>St\u00f6bern Sie gerne in unserem <a href=\"https:\/\/antoniverlag.de\/?page_id=7\">Gesamtverzeichnis<\/a> nach Noten, bestimmt werden Sie f\u00fcndig. <br><\/p>\n\n\n\n<p>NEUERSCHEINUNG 2023: Aquarell-Sticker zum beliebten Notenheft &#8222;Auftakt&#8220; &#8211; als Illustration und Belohnung im Unterricht. Liebevolle Handarbeit von: Elisabeth Seifert.<\/p>\n\n\n\n<figure class=\"wp-block-image size-large\"><img loading=\"lazy\" decoding=\"async\" width=\"724\" height=\"1024\" src=\"https:\/\/antoniverlag.de\/wp-content\/uploads\/2023\/04\/Stickerblatt-A4_ohne-Konturen-1-724x1024.jpg\" alt=\"\" class=\"wp-image-250\" srcset=\"https:\/\/antoniverlag.de\/wp-content\/uploads\/2023\/04\/Stickerblatt-A4_ohne-Konturen-1-724x1024.jpg 724w, https:\/\/antoniverlag.de\/wp-content\/uploads\/2023\/04\/Stickerblatt-A4_ohne-Konturen-1-212x300.jpg 212w, https:\/\/antoniverlag.de\/wp-content\/uploads\/2023\/04\/Stickerblatt-A4_ohne-Konturen-1-768x1086.jpg 768w, https:\/\/antoniverlag.de\/wp-content\/uploads\/2023\/04\/Stickerblatt-A4_ohne-Konturen-1-1086x1536.jpg 1086w, https:\/\/antoniverlag.de\/wp-content\/uploads\/2023\/04\/Stickerblatt-A4_ohne-Konturen-1-1448x2048.jpg 1448w, https:\/\/antoniverlag.de\/wp-content\/uploads\/2023\/04\/Stickerblatt-A4_ohne-Konturen-1-1140x1613.jpg 1140w, https:\/\/antoniverlag.de\/wp-content\/uploads\/2023\/04\/Stickerblatt-A4_ohne-Konturen-1-920x1301.jpg 920w, https:\/\/antoniverlag.de\/wp-content\/uploads\/2023\/04\/Stickerblatt-A4_ohne-Konturen-1-380x538.jpg 380w, https:\/\/antoniverlag.de\/wp-content\/uploads\/2023\/04\/Stickerblatt-A4_ohne-Konturen-1-scaled.jpg 1810w\" sizes=\"auto, (max-width: 724px) 100vw, 724px\" \/><\/figure>\n","protected":false},"excerpt":{"rendered":"<p>Der Familienverlag f\u00fcr Klavierp\u00e4dagogik Der Antoni Verlag mit Schwerpunkt Klavierp\u00e4dagogik bietet Kompositionen und Bearbeitungen von Diplom-Klavierp\u00e4dagoge Frank Seifert f\u00fcr Klavier zu zwei bis zehn H\u00e4nden, leichte Fassungen beliebter Klassiker, Einzelausgaben mit Tipps zum \u00dcben und vieles [&hellip;]<\/p>\n","protected":false},"author":1,"featured_media":0,"parent":9,"menu_order":2,"comment_status":"closed","ping_status":"closed","template":"","meta":{"footnotes":""},"class_list":["post-112","page","type-page","status-publish","hentry"],"yoast_head":"<!-- This site is optimized with the Yoast SEO plugin v27.4 - https:\/\/yoast.com\/product\/yoast-seo-wordpress\/ -->\n<title>Antoni Verlag -<\/title>\n<meta name=\"description\" content=\"Der Antoni Verlag mit Schwerpunkt Klavierp\u00e4dagogik bietet Kompositionen und Bearbeitungen von Diplom-Klavierp\u00e4dagoge Frank Seifert f\u00fcr Klavier zu zwei bis zehn H\u00e4nden, leichte Fassungen beliebter Klassiker, Einzelausgaben mit Tipps zum \u00dcben und vieles mehr.\" \/>\n<meta name=\"robots\" content=\"index, follow, max-snippet:-1, max-image-preview:large, max-video-preview:-1\" \/>\n<link rel=\"canonical\" href=\"https:\/\/antoniverlag.de\/\" \/>\n<meta property=\"og:locale\" content=\"de_DE\" \/>\n<meta property=\"og:type\" content=\"article\" \/>\n<meta property=\"og:title\" content=\"Antoni Verlag -\" \/>\n<meta property=\"og:description\" content=\"Der Antoni Verlag mit Schwerpunkt Klavierp\u00e4dagogik bietet Kompositionen und Bearbeitungen von Diplom-Klavierp\u00e4dagoge Frank Seifert f\u00fcr Klavier zu zwei bis zehn H\u00e4nden, leichte Fassungen beliebter Klassiker, Einzelausgaben mit Tipps zum \u00dcben und vieles mehr.\" \/>\n<meta property=\"og:url\" content=\"https:\/\/antoniverlag.de\/\" \/>\n<meta property=\"article:modified_time\" content=\"2023-04-20T15:51:41+00:00\" \/>\n<meta property=\"og:image\" content=\"https:\/\/antoniverlag.de\/wp-content\/uploads\/2023\/04\/Stickerblatt-A4_ohne-Konturen-1-724x1024.jpg\" \/>\n<meta name=\"twitter:card\" content=\"summary_large_image\" \/>\n<meta name=\"twitter:label1\" content=\"Gesch\u00e4tzte Lesezeit\" \/>\n\t<meta name=\"twitter:data1\" content=\"1\u00a0Minute\" \/>\n<script type=\"application\/ld+json\" class=\"yoast-schema-graph\">{\"@context\":\"https:\\\/\\\/schema.org\",\"@graph\":[{\"@type\":\"WebPage\",\"@id\":\"https:\\\/\\\/antoniverlag.de\\\/\",\"url\":\"https:\\\/\\\/antoniverlag.de\\\/\",\"name\":\"Antoni Verlag -\",\"isPartOf\":{\"@id\":\"https:\\\/\\\/antoniverlag.de\\\/#website\"},\"primaryImageOfPage\":{\"@id\":\"https:\\\/\\\/antoniverlag.de\\\/#primaryimage\"},\"image\":{\"@id\":\"https:\\\/\\\/antoniverlag.de\\\/#primaryimage\"},\"thumbnailUrl\":\"https:\\\/\\\/antoniverlag.de\\\/wp-content\\\/uploads\\\/2023\\\/04\\\/Stickerblatt-A4_ohne-Konturen-1-724x1024.jpg\",\"datePublished\":\"2021-11-20T14:52:14+00:00\",\"dateModified\":\"2023-04-20T15:51:41+00:00\",\"description\":\"Der Antoni Verlag mit Schwerpunkt Klavierp\u00e4dagogik bietet Kompositionen und Bearbeitungen von Diplom-Klavierp\u00e4dagoge Frank Seifert f\u00fcr Klavier zu zwei bis zehn H\u00e4nden, leichte Fassungen beliebter Klassiker, Einzelausgaben mit Tipps zum \u00dcben und vieles mehr.\",\"breadcrumb\":{\"@id\":\"https:\\\/\\\/antoniverlag.de\\\/#breadcrumb\"},\"inLanguage\":\"de\",\"potentialAction\":[{\"@type\":\"ReadAction\",\"target\":[\"https:\\\/\\\/antoniverlag.de\\\/\"]}]},{\"@type\":\"ImageObject\",\"inLanguage\":\"de\",\"@id\":\"https:\\\/\\\/antoniverlag.de\\\/#primaryimage\",\"url\":\"https:\\\/\\\/antoniverlag.de\\\/wp-content\\\/uploads\\\/2023\\\/04\\\/Stickerblatt-A4_ohne-Konturen-1-scaled.jpg\",\"contentUrl\":\"https:\\\/\\\/antoniverlag.de\\\/wp-content\\\/uploads\\\/2023\\\/04\\\/Stickerblatt-A4_ohne-Konturen-1-scaled.jpg\",\"width\":1810,\"height\":2560},{\"@type\":\"BreadcrumbList\",\"@id\":\"https:\\\/\\\/antoniverlag.de\\\/#breadcrumb\",\"itemListElement\":[{\"@type\":\"ListItem\",\"position\":1,\"name\":\"Startseite\",\"item\":\"https:\\\/\\\/antoniverlag.de\\\/\"},{\"@type\":\"ListItem\",\"position\":2,\"name\":\"Herausgeber\",\"item\":\"https:\\\/\\\/antoniverlag.de\\\/?page_id=9\"},{\"@type\":\"ListItem\",\"position\":3,\"name\":\"Antoni Verlag\"}]},{\"@type\":\"WebSite\",\"@id\":\"https:\\\/\\\/antoniverlag.de\\\/#website\",\"url\":\"https:\\\/\\\/antoniverlag.de\\\/\",\"name\":\"\",\"description\":\"\",\"potentialAction\":[{\"@type\":\"SearchAction\",\"target\":{\"@type\":\"EntryPoint\",\"urlTemplate\":\"https:\\\/\\\/antoniverlag.de\\\/?s={search_term_string}\"},\"query-input\":{\"@type\":\"PropertyValueSpecification\",\"valueRequired\":true,\"valueName\":\"search_term_string\"}}],\"inLanguage\":\"de\"}]}<\/script>\n<!-- \/ Yoast SEO plugin. -->","yoast_head_json":{"title":"Antoni Verlag -","description":"Der Antoni Verlag mit Schwerpunkt Klavierp\u00e4dagogik bietet Kompositionen und Bearbeitungen von Diplom-Klavierp\u00e4dagoge Frank Seifert f\u00fcr Klavier zu zwei bis zehn H\u00e4nden, leichte Fassungen beliebter Klassiker, Einzelausgaben mit Tipps zum \u00dcben und vieles mehr.","robots":{"index":"index","follow":"follow","max-snippet":"max-snippet:-1","max-image-preview":"max-image-preview:large","max-video-preview":"max-video-preview:-1"},"canonical":"https:\/\/antoniverlag.de\/","og_locale":"de_DE","og_type":"article","og_title":"Antoni Verlag -","og_description":"Der Antoni Verlag mit Schwerpunkt Klavierp\u00e4dagogik bietet Kompositionen und Bearbeitungen von Diplom-Klavierp\u00e4dagoge Frank Seifert f\u00fcr Klavier zu zwei bis zehn H\u00e4nden, leichte Fassungen beliebter Klassiker, Einzelausgaben mit Tipps zum \u00dcben und vieles mehr.","og_url":"https:\/\/antoniverlag.de\/","article_modified_time":"2023-04-20T15:51:41+00:00","og_image":[{"url":"https:\/\/antoniverlag.de\/wp-content\/uploads\/2023\/04\/Stickerblatt-A4_ohne-Konturen-1-724x1024.jpg","type":"","width":"","height":""}],"twitter_card":"summary_large_image","twitter_misc":{"Gesch\u00e4tzte Lesezeit":"1\u00a0Minute"},"schema":{"@context":"https:\/\/schema.org","@graph":[{"@type":"WebPage","@id":"https:\/\/antoniverlag.de\/","url":"https:\/\/antoniverlag.de\/","name":"Antoni Verlag -","isPartOf":{"@id":"https:\/\/antoniverlag.de\/#website"},"primaryImageOfPage":{"@id":"https:\/\/antoniverlag.de\/#primaryimage"},"image":{"@id":"https:\/\/antoniverlag.de\/#primaryimage"},"thumbnailUrl":"https:\/\/antoniverlag.de\/wp-content\/uploads\/2023\/04\/Stickerblatt-A4_ohne-Konturen-1-724x1024.jpg","datePublished":"2021-11-20T14:52:14+00:00","dateModified":"2023-04-20T15:51:41+00:00","description":"Der Antoni Verlag mit Schwerpunkt Klavierp\u00e4dagogik bietet Kompositionen und Bearbeitungen von Diplom-Klavierp\u00e4dagoge Frank Seifert f\u00fcr Klavier zu zwei bis zehn H\u00e4nden, leichte Fassungen beliebter Klassiker, Einzelausgaben mit Tipps zum \u00dcben und vieles mehr.","breadcrumb":{"@id":"https:\/\/antoniverlag.de\/#breadcrumb"},"inLanguage":"de","potentialAction":[{"@type":"ReadAction","target":["https:\/\/antoniverlag.de\/"]}]},{"@type":"ImageObject","inLanguage":"de","@id":"https:\/\/antoniverlag.de\/#primaryimage","url":"https:\/\/antoniverlag.de\/wp-content\/uploads\/2023\/04\/Stickerblatt-A4_ohne-Konturen-1-scaled.jpg","contentUrl":"https:\/\/antoniverlag.de\/wp-content\/uploads\/2023\/04\/Stickerblatt-A4_ohne-Konturen-1-scaled.jpg","width":1810,"height":2560},{"@type":"BreadcrumbList","@id":"https:\/\/antoniverlag.de\/#breadcrumb","itemListElement":[{"@type":"ListItem","position":1,"name":"Startseite","item":"https:\/\/antoniverlag.de\/"},{"@type":"ListItem","position":2,"name":"Herausgeber","item":"https:\/\/antoniverlag.de\/?page_id=9"},{"@type":"ListItem","position":3,"name":"Antoni Verlag"}]},{"@type":"WebSite","@id":"https:\/\/antoniverlag.de\/#website","url":"https:\/\/antoniverlag.de\/","name":"","description":"","potentialAction":[{"@type":"SearchAction","target":{"@type":"EntryPoint","urlTemplate":"https:\/\/antoniverlag.de\/?s={search_term_string}"},"query-input":{"@type":"PropertyValueSpecification","valueRequired":true,"valueName":"search_term_string"}}],"inLanguage":"de"}]}},"_links":{"self":[{"href":"https:\/\/antoniverlag.de\/index.php?rest_route=\/wp\/v2\/pages\/112","targetHints":{"allow":["GET"]}}],"collection":[{"href":"https:\/\/antoniverlag.de\/index.php?rest_route=\/wp\/v2\/pages"}],"about":[{"href":"https:\/\/antoniverlag.de\/index.php?rest_route=\/wp\/v2\/types\/page"}],"author":[{"embeddable":true,"href":"https:\/\/antoniverlag.de\/index.php?rest_route=\/wp\/v2\/users\/1"}],"replies":[{"embeddable":true,"href":"https:\/\/antoniverlag.de\/index.php?rest_route=%2Fwp%2Fv2%2Fcomments&post=112"}],"version-history":[{"count":9,"href":"https:\/\/antoniverlag.de\/index.php?rest_route=\/wp\/v2\/pages\/112\/revisions"}],"predecessor-version":[{"id":253,"href":"https:\/\/antoniverlag.de\/index.php?rest_route=\/wp\/v2\/pages\/112\/revisions\/253"}],"up":[{"embeddable":true,"href":"https:\/\/antoniverlag.de\/index.php?rest_route=\/wp\/v2\/pages\/9"}],"wp:attachment":[{"href":"https:\/\/antoniverlag.de\/index.php?rest_route=%2Fwp%2Fv2%2Fmedia&parent=112"}],"curies":[{"name":"wp","href":"https:\/\/api.w.org\/{rel}","templated":true}]}}